{"id":54,"date":"2023-10-05T10:50:37","date_gmt":"2023-10-05T10:50:37","guid":{"rendered":"http:\/\/www.sipdv.es\/?page_id=54"},"modified":"2023-10-09T09:51:32","modified_gmt":"2023-10-09T09:51:32","slug":"aviso-legal","status":"publish","type":"page","link":"https:\/\/www.sipdv.es\/index.php\/aviso-legal\/","title":{"rendered":"Aviso Legal"},"content":{"rendered":"<div class=\"wpb-content-wrapper\"><p>[vc_row][vc_column][vc_column_text]<\/p>\n<h3 style=\"text-align: center;\">AVISO LEGAL<\/h3>\n<h5 style=\"text-align: left;\">CONDICIONES GENERALES DE USO<\/h5>\n<p>DATOS IDENTIFICATIVOS: En cumplimiento con el deber de informaci\u00f3n recogido en art\u00edculo 10 de la Ley 34\/2002, de 11 de julio, de Servicios de la Sociedad de la Informaci\u00f3n y de Comercio Electr\u00f3nico, a continuaci\u00f3n se reflejan los siguientes datos: La empresa titular de sipdv.com (en adelante, el Site) es SIPdV, S.L., con domicilio en Pol\u00edgono Industrial Sector 13, C\/ Hostalers, 51 (46394 Riba-roja de Turia), Valencia., con n\u00famero de NIF : B98551856 inscrita Tomo 9718, Libro 7000, folio 44, hoja n\u00famero V156957, inscripci\u00f3n 1 (en adelante, SIPdV, S.L.).<\/p>\n<h5>FORMULARIO DE CONTACTO<\/h5>\n<p><strong>USUARIOS:<\/strong> El acceso y\/o uso de los portales de SIPdV, S.L. atribuye la condici\u00f3n de USUARIO, que acepta, desde dicho acceso y\/o uso, las Condiciones Generales de Uso aqu\u00ed reflejadas. Las citadas Condiciones ser\u00e1n de aplicaci\u00f3n independientemente de las Condiciones Generales de Contrataci\u00f3n que en su caso resulten de obligado cumplimiento.<\/p>\n<p><strong>USO DEL PORTAL:<\/strong> el Site de SIPdV, S.L proporciona el acceso a multitud de informaciones, servicios, programas o datos (en adelante, \u00ablos contenidos\u00bb) en Internet pertenecientes a SIPdV, S.L o a sus licenciantes, a los que el USUARIO puede tener acceso. El USUARIO asume la responsabilidad del uso del Site. Dicha responsabilidad se extiende al registro que fuese necesario para acceder a determinados servicios o contenidos.<\/p>\n<p><strong>PROPIEDAD INTELECTUAL:<\/strong> El contenido del site es de la exclusiva propiedad de SIPdV, S.L., con facultad de explotaci\u00f3n de la propiedad intelectual e industrial que puedan derivarse del mismo, sin l\u00edmite temporal, territorial o modal y con derecho de cesi\u00f3n a terceros.<\/p>\n<p>Sin el previo consentimiento expreso de SIPdV, S.L, queda prohibida la utilizaci\u00f3n del site y\/o la informaci\u00f3n resultante de \u00e9l, con el fin de crear, o implementar cualquier actuaci\u00f3n o uso que tenga como objeto desarrollar cualquier tipo de producto, servicio, acci\u00f3n promocional o publicitaria.<\/p>\n<p>En ning\u00fan caso podr\u00e1 entenderse que el uso del presente site implique la transmisi\u00f3n, cesi\u00f3n o renuncia de cualquier tipo sobre los derechos de propiedad intelectual o industrial de SIPdV, SL., a favor del usuario.<\/p>\n<p><strong>RESPONSABILIDAD<\/strong><\/p>\n<p>1 El uso que pueda hacerse del Contenido que aparecen en el Sitio Web se realizar\u00e1 bajo la exclusiva responsabilidad del Usuario. Es decir, el Usuario ser\u00e1 el \u00fanico responsable de las infracciones en que pueda incurrir o de los perjuicios que pueda causar por el uso del Sitio Web, quedando SIPDV exonerada de cualquier responsabilidad. El Usuario es el \u00fanico responsable frente a cualquier reclamaci\u00f3n o<\/p>\n<p>acci\u00f3n legal, judicial o extrajudicial iniciada por terceras personas contra SIPDV, o bien contra \u00e9l mismo, basada en su utilizaci\u00f3n del Sitio Web. El Usuario asume cuantos gastos, costes e indemnizaciones sean ocasionados a SIPDV con motivo de tales reclamaciones o acciones legales.<\/p>\n<p>2 SIPDV no ser\u00e1 responsable en caso de que existan interrupciones del servicio, demoras, errores, mal funcionamiento del mismo y, en general, dem\u00e1s inconvenientes para el acceso del Usuario al Sitio Web.<\/p>\n<p>3 SIPDV puede poner a disposici\u00f3n del Usuario una serie de links, banners y otro tipo de enlaces. El acceso a otras p\u00e1ginas web de terceros a trav\u00e9s de dichas conexiones o links se realizar\u00e1 bajo la exclusiva responsabilidad de aquellos que efect\u00faen este tipo de actos, no siendo SIPDV responsable, en ning\u00fan caso, de los da\u00f1os o perjuicios que puedan derivarse de los mismos.<\/p>\n<p>4 Asimismo, SIPDV no asume ninguna responsabilidad por cualquier da\u00f1o o perjuicio en el software o hardware del Usuario que se derive del acceso al Sitio Web o del uso de informaci\u00f3n en ella contenidas, siendo obligaci\u00f3n del Usuario disponer de medios actualizados que protejan adecuadamente su dispositivo y de programas con licencia de uso autorizada y vigente que permita la compatibilidad de su equipo con contenidos susceptibles de divulgaci\u00f3n en Internet.<\/p>\n<p><strong>LEY APLICABLE Y JURISDICCI\u00d3N<\/strong><\/p>\n<p>El acceso y uso del Sitio Web y de su Contenido, est\u00e1n sometidos a la legislaci\u00f3n espa\u00f1ola. Mediante el acceso a este Sitio Web, el Usuario somete expresamente cualquier controversia que pudiera derivarse en relaci\u00f3n con la interpretaci\u00f3n de las presentes condiciones de uso, o de su acceso y uso de la misma, a la legislaci\u00f3n espa\u00f1ola y los juzgados y tribunales competentes.<\/p>\n<p>Adicionalmente, conforme al Art. 14.1 del Reglamento (UE) 524\/2013, al respecto de la resoluci\u00f3n de litigios en l\u00ednea en materia de consumo, la Comisi\u00f3n Europea facilita una plataforma de resoluci\u00f3n de litigios en l\u00ednea que se encuentra disponible en el siguiente enlace: <a href=\"http:\/\/ec.europa.eu\/consumers\/odr\/\">http:\/\/ec.europa.eu\/consumers\/odr\/<\/a>[\/vc_column_text][\/vc_column][\/vc_row]<\/p>\n<\/div>","protected":false},"excerpt":{"rendered":"<p>[vc_row][vc_column][vc_column_text] AVISO LEGAL CONDICIONES GENERALES DE USO DATOS IDENTIFICATIVOS: En cumplimiento con el deber de informaci\u00f3n recogido en art\u00edculo 10&#8230;<\/p>\n","protected":false},"author":1,"featured_media":0,"parent":0,"menu_order":0,"comment_status":"closed","ping_status":"open","template":"","meta":{"footnotes":""},"class_list":["post-54","page","type-page","status-publish"],"_links":{"self":[{"href":"https:\/\/www.sipdv.es\/index.php\/wp-json\/wp\/v2\/pages\/54","targetHints":{"allow":["GET"]}}],"collection":[{"href":"https:\/\/www.sipdv.es\/index.php\/wp-json\/wp\/v2\/pages"}],"about":[{"href":"https:\/\/www.sipdv.es\/index.php\/wp-json\/wp\/v2\/types\/page"}],"author":[{"embeddable":true,"href":"https:\/\/www.sipdv.es\/index.php\/wp-json\/wp\/v2\/users\/1"}],"replies":[{"embeddable":true,"href":"https:\/\/www.sipdv.es\/index.php\/wp-json\/wp\/v2\/comments?post=54"}],"version-history":[{"count":3,"href":"https:\/\/www.sipdv.es\/index.php\/wp-json\/wp\/v2\/pages\/54\/revisions"}],"predecessor-version":[{"id":102,"href":"https:\/\/www.sipdv.es\/index.php\/wp-json\/wp\/v2\/pages\/54\/revisions\/102"}],"wp:attachment":[{"href":"https:\/\/www.sipdv.es\/index.php\/wp-json\/wp\/v2\/media?parent=54"}],"curies":[{"name":"wp","href":"https:\/\/api.w.org\/{rel}","templated":true}]}}